{"id":29,"date":"2024-02-23T14:50:30","date_gmt":"2024-02-23T13:50:30","guid":{"rendered":"https:\/\/savohead.com\/home\/?page_id=29"},"modified":"2024-03-09T11:00:58","modified_gmt":"2024-03-09T10:00:58","slug":"dico","status":"publish","type":"page","link":"https:\/\/savohead.com\/home\/dico\/","title":{"rendered":"Dico"},"content":{"rendered":"\n<div class=\"wp-block-media-text is-stacked-on-mobile is-image-fill\" style=\"grid-template-columns:40% auto\"><figure class=\"wp-block-media-text__media\" style=\"background-image:url(https:\/\/savohead.com\/home\/wp-content\/uploads\/2024\/02\/viasfondo.png);background-position:62% 47%\"><img loading=\"lazy\" decoding=\"async\" width=\"1490\" height=\"998\" src=\"https:\/\/savohead.com\/home\/wp-content\/uploads\/2024\/02\/viasfondo.png\" alt=\"\" class=\"wp-image-30 size-full\" srcset=\"https:\/\/savohead.com\/home\/wp-content\/uploads\/2024\/02\/viasfondo.png 1490w, https:\/\/savohead.com\/home\/wp-content\/uploads\/2024\/02\/viasfondo-300x201.png 300w, https:\/\/savohead.com\/home\/wp-content\/uploads\/2024\/02\/viasfondo-1024x686.png 1024w, https:\/\/savohead.com\/home\/wp-content\/uploads\/2024\/02\/viasfondo-768x514.png 768w\" sizes=\"auto, (max-width: 1490px) 100vw, 1490px\" \/><\/figure><div class=\"wp-block-media-text__content\">\n<h2 class=\"wp-block-heading\" style=\"margin-top:0;margin-bottom:0\"><strong>Via!<\/strong><\/h2>\n\n\n\n<p class=\"has-medium-font-size\">Viaggio (in ogni senso e dimensione) in cui il protagonista cerca un dialogo con una passeggera invisibile, accanto a lui in auto, per poi ripiegare su pensieri in forma poetica, che si svolgono altrove, nella sua mente. In una continua ricerca di instaurare un rapporto di complicit\u00e0 con il pubblico, l&#8217;autista tocca vari aspetti della vita, dai rapporti interpersonali alla guerra, dal sesso alla religione, costantemente accompagnato da un&#8217;autoradio che scandisce alcuni punti chiave della vicenda.<\/p>\n<\/div><\/div>\n\n\n\n<div class=\"wp-block-media-text has-media-on-the-right is-stacked-on-mobile is-image-fill\" style=\"grid-template-columns:auto 40%\"><div class=\"wp-block-media-text__content\">\n<h2 class=\"wp-block-heading has-text-align-right\" style=\"margin-top:0;margin-bottom:0\"><strong>PS<\/strong><\/h2>\n\n\n\n<p class=\"has-text-align-right has-medium-font-size\">Lettura al buio, in cuffia, di grandi classici e altri capolavori. Insieme a Paolo Agrati, un ottimo modo per immergersi nei mondi dei migliori autori di tutti i tempi. <br>Passando da narrazioni inquietanti per serate a tinte horror, a profonde introspezioni e altri modi per sondare l&#8217;animo umano, il progetto si propone di mettere a disposizione di chiunque e rendere accessibili degli audiolibri dal vivo, in contesti tanto accoglienti quanto variegati.<br>Una stella di luce e voce.<\/p>\n<\/div><figure class=\"wp-block-media-text__media\" style=\"background-image:url(https:\/\/savohead.com\/home\/wp-content\/uploads\/2024\/02\/Savo_Agrati_Locandina0125_EDITED-1024x768.jpg);background-position:50% 50%\"><img loading=\"lazy\" decoding=\"async\" width=\"1024\" height=\"768\" src=\"https:\/\/savohead.com\/home\/wp-content\/uploads\/2024\/02\/Savo_Agrati_Locandina0125_EDITED-1024x768.jpg\" alt=\"\" class=\"wp-image-41 size-full\" srcset=\"https:\/\/savohead.com\/home\/wp-content\/uploads\/2024\/02\/Savo_Agrati_Locandina0125_EDITED-1024x768.jpg 1024w, https:\/\/savohead.com\/home\/wp-content\/uploads\/2024\/02\/Savo_Agrati_Locandina0125_EDITED-300x225.jpg 300w, https:\/\/savohead.com\/home\/wp-content\/uploads\/2024\/02\/Savo_Agrati_Locandina0125_EDITED-768x576.jpg 768w, https:\/\/savohead.com\/home\/wp-content\/uploads\/2024\/02\/Savo_Agrati_Locandina0125_EDITED-1536x1152.jpg 1536w, https:\/\/savohead.com\/home\/wp-content\/uploads\/2024\/02\/Savo_Agrati_Locandina0125_EDITED.jpg 2000w\" sizes=\"auto, (max-width: 1024px) 100vw, 1024px\" \/><\/figure><\/div>\n\n\n\n<div class=\"wp-block-media-text is-stacked-on-mobile is-image-fill\" style=\"grid-template-columns:40% auto\"><figure class=\"wp-block-media-text__media\" style=\"background-image:url(https:\/\/savohead.com\/home\/wp-content\/uploads\/2024\/02\/haikoodlesfondo-1024x542.png);background-position:50% 50%\"><img loading=\"lazy\" decoding=\"async\" width=\"1024\" height=\"542\" src=\"https:\/\/savohead.com\/home\/wp-content\/uploads\/2024\/02\/haikoodlesfondo-1024x542.png\" alt=\"\" class=\"wp-image-54 size-full\" srcset=\"https:\/\/savohead.com\/home\/wp-content\/uploads\/2024\/02\/haikoodlesfondo-1024x542.png 1024w, https:\/\/savohead.com\/home\/wp-content\/uploads\/2024\/02\/haikoodlesfondo-300x159.png 300w, https:\/\/savohead.com\/home\/wp-content\/uploads\/2024\/02\/haikoodlesfondo-768x407.png 768w, https:\/\/savohead.com\/home\/wp-content\/uploads\/2024\/02\/haikoodlesfondo.png 1496w\" sizes=\"auto, (max-width: 1024px) 100vw, 1024px\" \/><\/figure><div class=\"wp-block-media-text__content\">\n<h2 class=\"wp-block-heading\" style=\"margin-top:0;margin-bottom:0\"><strong>Haikoodle<\/strong><\/h2>\n\n\n\n<p class=\"has-medium-font-size\">Spettacolo modulare di live painting e poesia performativa, in cui Martina Dirce Carcano (scenografa del Teatro alla Scala di Milano) illustra a china i soggetti descritti dalle poesie recitate ad alta voce. Con un repertorio di pi\u00f9 di 15 soggetti, la performance si adatta a slot temporali variabili in base alle necessit\u00e0: da un minimo di 7-10 minuti per un singolo brano illustrato, a esibizioni fiume sino a esaurimento fogli. Grazie alla possibilit\u00e0 di proiettare i disegni e amplificare la voce, lo spettacolo si adatta a tutte le realt\u00e0, grandi e piccole.<\/p>\n<\/div><\/div>\n\n\n\n<div class=\"wp-block-media-text has-media-on-the-right is-stacked-on-mobile is-image-fill\" style=\"grid-template-columns:auto 40%\"><div class=\"wp-block-media-text__content\">\n<h2 class=\"wp-block-heading has-text-align-right\" style=\"margin-top:0;margin-bottom:0\"><strong>Butterfly effect<\/strong><\/h2>\n\n\n\n<p class=\"has-text-align-right has-medium-font-size\">Una serie di casualit\u00e0 porta un musicista e un autore a ispirarsi vicendevolmente, per dare vita a uno spettacolo di spoken music con le pi\u00f9 disparate influenze e tonalit\u00e0. L&#8217;ensemble che d\u00e0 vita a questa idea comprende talenti di fama internazionale, uniti per dare una nuova dimensione a una narrazione vocale che trova casa ed evoluzione in uno spettacolo vivo quanto profondo.<br>Dopo un debutto in formazione completa, il progetto si \u00e8 adattato a palchi che permettevano soltanto un duo acustico, ma l&#8217;aggiunta di una realt\u00e0 orchestrale e visiva si affaccia in un futuro molto prossimo.<\/p>\n<\/div><figure class=\"wp-block-media-text__media\" style=\"background-image:url(https:\/\/savohead.com\/home\/wp-content\/uploads\/2024\/02\/butterfly-effect.jpg);background-position:50% 50%\"><img loading=\"lazy\" decoding=\"async\" width=\"794\" height=\"628\" src=\"https:\/\/savohead.com\/home\/wp-content\/uploads\/2024\/02\/butterfly-effect.jpg\" alt=\"\" class=\"wp-image-56 size-full\" srcset=\"https:\/\/savohead.com\/home\/wp-content\/uploads\/2024\/02\/butterfly-effect.jpg 794w, https:\/\/savohead.com\/home\/wp-content\/uploads\/2024\/02\/butterfly-effect-300x237.jpg 300w, https:\/\/savohead.com\/home\/wp-content\/uploads\/2024\/02\/butterfly-effect-768x607.jpg 768w\" sizes=\"auto, (max-width: 794px) 100vw, 794px\" \/><\/figure><\/div>\n\n\n\n<div class=\"wp-block-media-text is-stacked-on-mobile is-image-fill\" style=\"grid-template-columns:40% auto\"><figure class=\"wp-block-media-text__media\" style=\"background-image:url(https:\/\/savohead.com\/home\/wp-content\/uploads\/2024\/02\/CHD-sentier-musicaux-europeens-LYON-00-7-scaled-1-1024x683.jpg);background-position:50% 50%\"><img loading=\"lazy\" decoding=\"async\" width=\"1024\" height=\"683\" src=\"https:\/\/savohead.com\/home\/wp-content\/uploads\/2024\/02\/CHD-sentier-musicaux-europeens-LYON-00-7-scaled-1-1024x683.jpg\" alt=\"\" class=\"wp-image-60 size-full\" srcset=\"https:\/\/savohead.com\/home\/wp-content\/uploads\/2024\/02\/CHD-sentier-musicaux-europeens-LYON-00-7-scaled-1-1024x683.jpg 1024w, https:\/\/savohead.com\/home\/wp-content\/uploads\/2024\/02\/CHD-sentier-musicaux-europeens-LYON-00-7-scaled-1-300x200.jpg 300w, https:\/\/savohead.com\/home\/wp-content\/uploads\/2024\/02\/CHD-sentier-musicaux-europeens-LYON-00-7-scaled-1-768x512.jpg 768w, https:\/\/savohead.com\/home\/wp-content\/uploads\/2024\/02\/CHD-sentier-musicaux-europeens-LYON-00-7-scaled-1-1536x1024.jpg 1536w, https:\/\/savohead.com\/home\/wp-content\/uploads\/2024\/02\/CHD-sentier-musicaux-europeens-LYON-00-7-scaled-1-2048x1366.jpg 2048w\" sizes=\"auto, (max-width: 1024px) 100vw, 1024px\" \/><\/figure><div class=\"wp-block-media-text__content\">\n<h2 class=\"wp-block-heading\" style=\"margin-top:0;margin-bottom:0\"><strong>Babel Bach<\/strong><\/h2>\n\n\n\n<p class=\"has-medium-font-size\">Nell&#8217;inverno del 1705 J.S. Bach intraprese un viaggio di oltre 400 chilometri a piedi, da Arnstadt a Lubecca, per incontrare il pi\u00f9 grande organista del Nord Europa: Dietrich Buxtehude. A partire da questa storia, lo slammer Mehdi Kr\u00fcger e Frank-Emmanuel Comte, direttore del complesso barocco Le Concert de l&#8217;Hostel Dieu di Lione, hanno immaginato uno spettacolo che combina la musica di Bach con la scrittura di poesia in italiano, tedesco e francese. Sul palco, tre slammer (insieme a Mehdi, anche Josephine Von Bluetenstaub) accompagnati dal violoncello di Aude Walker-Viry, dal clavicembalo dello stesso F.E. Comte e dalla beatbox di Tiko.<\/p>\n<\/div><\/div>\n\n\n\n<div class=\"wp-block-media-text has-media-on-the-right is-stacked-on-mobile is-image-fill\" style=\"grid-template-columns:auto 40%\"><div class=\"wp-block-media-text__content\">\n<h2 class=\"wp-block-heading has-text-align-right\" style=\"margin-top:0;margin-bottom:0\"><strong>Processo a Giancarlo Puecher<\/strong><\/h2>\n\n\n\n<p class=\"has-text-align-right has-medium-font-size\">Per mettere in scena un processo farsa, serve&#8230; una farsa!<br>Giancarlo Puecher, prima medaglia d&#8217;oro della resistenza italiana, venne fucilato a Erba, durante la notte che precedette quel tragico evento, ogni possibile stramberia giudiziaria ebbe luogo.<br>Tramite un quiz assurdo che prova ad alleggerire la gravit\u00e0 di una situazione al di l\u00e0 del comprensibile e dell&#8217;immaginabile, il pubblico pu\u00f2 sentire e comprendere appieno quanto vicine, stupide e gravi possano essere la noncuranza e avversione per una giovane vita.<br>Grazie alla sezione di Monguzzo dell&#8217;ANPI<\/p>\n<\/div><figure class=\"wp-block-media-text__media\" style=\"background-image:url(https:\/\/savohead.com\/home\/wp-content\/uploads\/2024\/02\/Giancarlo-Puecher-778x1024.jpg);background-position:57% 24%\"><img loading=\"lazy\" decoding=\"async\" width=\"778\" height=\"1024\" src=\"https:\/\/savohead.com\/home\/wp-content\/uploads\/2024\/02\/Giancarlo-Puecher-778x1024.jpg\" alt=\"\" class=\"wp-image-61 size-full\" srcset=\"https:\/\/savohead.com\/home\/wp-content\/uploads\/2024\/02\/Giancarlo-Puecher-778x1024.jpg 778w, https:\/\/savohead.com\/home\/wp-content\/uploads\/2024\/02\/Giancarlo-Puecher-228x300.jpg 228w, https:\/\/savohead.com\/home\/wp-content\/uploads\/2024\/02\/Giancarlo-Puecher-768x1011.jpg 768w, https:\/\/savohead.com\/home\/wp-content\/uploads\/2024\/02\/Giancarlo-Puecher-1167x1536.jpg 1167w, https:\/\/savohead.com\/home\/wp-content\/uploads\/2024\/02\/Giancarlo-Puecher.jpg 1541w\" sizes=\"auto, (max-width: 778px) 100vw, 778px\" \/><\/figure><\/div>\n\n\n\n<div class=\"wp-block-media-text is-stacked-on-mobile is-image-fill\" style=\"grid-template-columns:40% auto\"><figure class=\"wp-block-media-text__media\" style=\"background-image:url(https:\/\/savohead.com\/home\/wp-content\/uploads\/2024\/03\/SH_scarpe_rosse-640x350.jpg.webp);background-position:50% 50%\"><img loading=\"lazy\" decoding=\"async\" width=\"640\" height=\"350\" src=\"https:\/\/savohead.com\/home\/wp-content\/uploads\/2024\/03\/SH_scarpe_rosse-640x350.jpg.webp\" alt=\"\" class=\"wp-image-128 size-full\" srcset=\"https:\/\/savohead.com\/home\/wp-content\/uploads\/2024\/03\/SH_scarpe_rosse-640x350.jpg.webp 640w, https:\/\/savohead.com\/home\/wp-content\/uploads\/2024\/03\/SH_scarpe_rosse-640x350.jpg-300x164.webp 300w\" sizes=\"auto, (max-width: 640px) 100vw, 640px\" \/><\/figure><div class=\"wp-block-media-text__content\">\n<h2 class=\"wp-block-heading\" style=\"margin-top:0;margin-bottom:0\"><strong>Non vedi che sono te?<\/strong><\/h2>\n\n\n\n<p class=\"has-medium-font-size\">Partendo dal Big Bang, passando per altri cenni di fisica, chimica e scienze sociali, il monologo regala immagini apparentemente non connesse tra loro, ma che hanno tutte a che fare con educazione e violenza contro le donne.<br>Nella versione per un pubblico adulto, lo spettacolo comprende statistiche e notizie di attualit\u00e0; nella versione per ragazzi, la narrazione \u00e8 intervallata da cenni all\u2019attualit\u00e0 e al mondo dei giovani, per aiutarli a relazionarsi e fare i collegamenti.<br>Grazie a un testo forte scritto da una vittima di violenza, infine, tutti i fili tirati durante lo svolgimento, convergono sul tema trattato.<\/p>\n<\/div><\/div>\n","protected":false},"excerpt":{"rendered":"<p>Via! Viaggio (in ogni senso e dimensione) in cui il protagonista cerca un dialogo con una passeggera invisibile, accanto a lui in auto, per poi ripiegare su pensieri in forma poetica, che si svolgono altrove, nella sua mente. In una continua ricerca di instaurare un rapporto di complicit\u00e0 con il pubblico, l&#8217;autista tocca vari aspetti [&hellip;]<\/p>\n","protected":false},"author":1,"featured_media":0,"parent":0,"menu_order":0,"comment_status":"closed","ping_status":"closed","template":"template-no-title","meta":{"footnotes":""},"class_list":["post-29","page","type-page","status-publish","hentry"],"_links":{"self":[{"href":"https:\/\/savohead.com\/home\/wp-json\/wp\/v2\/pages\/29","targetHints":{"allow":["GET"]}}],"collection":[{"href":"https:\/\/savohead.com\/home\/wp-json\/wp\/v2\/pages"}],"about":[{"href":"https:\/\/savohead.com\/home\/wp-json\/wp\/v2\/types\/page"}],"author":[{"embeddable":true,"href":"https:\/\/savohead.com\/home\/wp-json\/wp\/v2\/users\/1"}],"replies":[{"embeddable":true,"href":"https:\/\/savohead.com\/home\/wp-json\/wp\/v2\/comments?post=29"}],"version-history":[{"count":15,"href":"https:\/\/savohead.com\/home\/wp-json\/wp\/v2\/pages\/29\/revisions"}],"predecessor-version":[{"id":131,"href":"https:\/\/savohead.com\/home\/wp-json\/wp\/v2\/pages\/29\/revisions\/131"}],"wp:attachment":[{"href":"https:\/\/savohead.com\/home\/wp-json\/wp\/v2\/media?parent=29"}],"curies":[{"name":"wp","href":"https:\/\/api.w.org\/{rel}","templated":true}]}}

<div class="wp-block-media-text is-stacked-on-mobile is-image-fill" style="grid-template-columns:40% auto"><figure class="wp-block-media-text__media" style="background-image:url(https://savohead.com/home/wp-content/uploads/2024/02/viasfondo.png);background-position:62% 47%"><img loading="lazy" decoding="async" width="1490" height="998" src="https://savohead.com/home/wp-content/uploads/2024/02/viasfondo.png" alt="" class="wp-image-30 size-full" srcset="https://savohead.com/home/wp-content/uploads/2024/02/viasfondo.png 1490w, https://savohead.com/home/wp-content/uploads/2024/02/viasfondo-300x201.png 300w, https://savohead.com/home/wp-content/uploads/2024/02/viasfondo-1024x686.png 1024w, https://savohead.com/home/wp-content/uploads/2024/02/viasfondo-768x514.png 768w" sizes="auto, (max-width: 1490px) 100vw, 1490px" /></figure><div class="wp-block-media-text__content">
<h2 class="wp-block-heading" style="margin-top:0;margin-bottom:0"><strong>Via!</strong></h2>



<p class="has-medium-font-size">Viaggio (in ogni senso e dimensione) in cui il protagonista cerca un dialogo con una passeggera invisibile, accanto a lui in auto, per poi ripiegare su pensieri in forma poetica, che si svolgono altrove, nella sua mente. In una continua ricerca di instaurare un rapporto di complicità con il pubblico, l&#8217;autista tocca vari aspetti della vita, dai rapporti interpersonali alla guerra, dal sesso alla religione, costantemente accompagnato da un&#8217;autoradio che scandisce alcuni punti chiave della vicenda.</p>
</div></div>



<div class="wp-block-media-text has-media-on-the-right is-stacked-on-mobile is-image-fill" style="grid-template-columns:auto 40%"><div class="wp-block-media-text__content">
<h2 class="wp-block-heading has-text-align-right" style="margin-top:0;margin-bottom:0"><strong>PS</strong></h2>



<p class="has-text-align-right has-medium-font-size">Lettura al buio, in cuffia, di grandi classici e altri capolavori. Insieme a Paolo Agrati, un ottimo modo per immergersi nei mondi dei migliori autori di tutti i tempi. <br>Passando da narrazioni inquietanti per serate a tinte horror, a profonde introspezioni e altri modi per sondare l&#8217;animo umano, il progetto si propone di mettere a disposizione di chiunque e rendere accessibili degli audiolibri dal vivo, in contesti tanto accoglienti quanto variegati.<br>Una stella di luce e voce.</p>
</div><figure class="wp-block-media-text__media" style="background-image:url(https://savohead.com/home/wp-content/uploads/2024/02/Savo_Agrati_Locandina0125_EDITED-1024x768.jpg);background-position:50% 50%"><img loading="lazy" decoding="async" width="1024" height="768" src="https://savohead.com/home/wp-content/uploads/2024/02/Savo_Agrati_Locandina0125_EDITED-1024x768.jpg" alt="" class="wp-image-41 size-full" srcset="https://savohead.com/home/wp-content/uploads/2024/02/Savo_Agrati_Locandina0125_EDITED-1024x768.jpg 1024w, https://savohead.com/home/wp-content/uploads/2024/02/Savo_Agrati_Locandina0125_EDITED-300x225.jpg 300w, https://savohead.com/home/wp-content/uploads/2024/02/Savo_Agrati_Locandina0125_EDITED-768x576.jpg 768w, https://savohead.com/home/wp-content/uploads/2024/02/Savo_Agrati_Locandina0125_EDITED-1536x1152.jpg 1536w, https://savohead.com/home/wp-content/uploads/2024/02/Savo_Agrati_Locandina0125_EDITED.jpg 2000w" sizes="auto, (max-width: 1024px) 100vw, 1024px" /></figure></div>



<div class="wp-block-media-text is-stacked-on-mobile is-image-fill" style="grid-template-columns:40% auto"><figure class="wp-block-media-text__media" style="background-image:url(https://savohead.com/home/wp-content/uploads/2024/02/haikoodlesfondo-1024x542.png);background-position:50% 50%"><img loading="lazy" decoding="async" width="1024" height="542" src="https://savohead.com/home/wp-content/uploads/2024/02/haikoodlesfondo-1024x542.png" alt="" class="wp-image-54 size-full" srcset="https://savohead.com/home/wp-content/uploads/2024/02/haikoodlesfondo-1024x542.png 1024w, https://savohead.com/home/wp-content/uploads/2024/02/haikoodlesfondo-300x159.png 300w, https://savohead.com/home/wp-content/uploads/2024/02/haikoodlesfondo-768x407.png 768w, https://savohead.com/home/wp-content/uploads/2024/02/haikoodlesfondo.png 1496w" sizes="auto, (max-width: 1024px) 100vw, 1024px" /></figure><div class="wp-block-media-text__content">
<h2 class="wp-block-heading" style="margin-top:0;margin-bottom:0"><strong>Haikoodle</strong></h2>



<p class="has-medium-font-size">Spettacolo modulare di live painting e poesia performativa, in cui Martina Dirce Carcano (scenografa del Teatro alla Scala di Milano) illustra a china i soggetti descritti dalle poesie recitate ad alta voce. Con un repertorio di più di 15 soggetti, la performance si adatta a slot temporali variabili in base alle necessità: da un minimo di 7-10 minuti per un singolo brano illustrato, a esibizioni fiume sino a esaurimento fogli. Grazie alla possibilità di proiettare i disegni e amplificare la voce, lo spettacolo si adatta a tutte le realtà, grandi e piccole.</p>
</div></div>



<div class="wp-block-media-text has-media-on-the-right is-stacked-on-mobile is-image-fill" style="grid-template-columns:auto 40%"><div class="wp-block-media-text__content">
<h2 class="wp-block-heading has-text-align-right" style="margin-top:0;margin-bottom:0"><strong>Butterfly effect</strong></h2>



<p class="has-text-align-right has-medium-font-size">Una serie di casualità porta un musicista e un autore a ispirarsi vicendevolmente, per dare vita a uno spettacolo di spoken music con le più disparate influenze e tonalità. L&#8217;ensemble che dà vita a questa idea comprende talenti di fama internazionale, uniti per dare una nuova dimensione a una narrazione vocale che trova casa ed evoluzione in uno spettacolo vivo quanto profondo.<br>Dopo un debutto in formazione completa, il progetto si è adattato a palchi che permettevano soltanto un duo acustico, ma l&#8217;aggiunta di una realtà orchestrale e visiva si affaccia in un futuro molto prossimo.</p>
</div><figure class="wp-block-media-text__media" style="background-image:url(https://savohead.com/home/wp-content/uploads/2024/02/butterfly-effect.jpg);background-position:50% 50%"><img loading="lazy" decoding="async" width="794" height="628" src="https://savohead.com/home/wp-content/uploads/2024/02/butterfly-effect.jpg" alt="" class="wp-image-56 size-full" srcset="https://savohead.com/home/wp-content/uploads/2024/02/butterfly-effect.jpg 794w, https://savohead.com/home/wp-content/uploads/2024/02/butterfly-effect-300x237.jpg 300w, https://savohead.com/home/wp-content/uploads/2024/02/butterfly-effect-768x607.jpg 768w" sizes="auto, (max-width: 794px) 100vw, 794px" /></figure></div>



<div class="wp-block-media-text is-stacked-on-mobile is-image-fill" style="grid-template-columns:40% auto"><figure class="wp-block-media-text__media" style="background-image:url(https://savohead.com/home/wp-content/uploads/2024/02/CHD-sentier-musicaux-europeens-LYON-00-7-scaled-1-1024x683.jpg);background-position:50% 50%"><img loading="lazy" decoding="async" width="1024" height="683" src="https://savohead.com/home/wp-content/uploads/2024/02/CHD-sentier-musicaux-europeens-LYON-00-7-scaled-1-1024x683.jpg" alt="" class="wp-image-60 size-full" srcset="https://savohead.com/home/wp-content/uploads/2024/02/CHD-sentier-musicaux-europeens-LYON-00-7-scaled-1-1024x683.jpg 1024w, https://savohead.com/home/wp-content/uploads/2024/02/CHD-sentier-musicaux-europeens-LYON-00-7-scaled-1-300x200.jpg 300w, https://savohead.com/home/wp-content/uploads/2024/02/CHD-sentier-musicaux-europeens-LYON-00-7-scaled-1-768x512.jpg 768w, https://savohead.com/home/wp-content/uploads/2024/02/CHD-sentier-musicaux-europeens-LYON-00-7-scaled-1-1536x1024.jpg 1536w, https://savohead.com/home/wp-content/uploads/2024/02/CHD-sentier-musicaux-europeens-LYON-00-7-scaled-1-2048x1366.jpg 2048w" sizes="auto, (max-width: 1024px) 100vw, 1024px" /></figure><div class="wp-block-media-text__content">
<h2 class="wp-block-heading" style="margin-top:0;margin-bottom:0"><strong>Babel Bach</strong></h2>



<p class="has-medium-font-size">Nell&#8217;inverno del 1705 J.S. Bach intraprese un viaggio di oltre 400 chilometri a piedi, da Arnstadt a Lubecca, per incontrare il più grande organista del Nord Europa: Dietrich Buxtehude. A partire da questa storia, lo slammer Mehdi Krüger e Frank-Emmanuel Comte, direttore del complesso barocco Le Concert de l&#8217;Hostel Dieu di Lione, hanno immaginato uno spettacolo che combina la musica di Bach con la scrittura di poesia in italiano, tedesco e francese. Sul palco, tre slammer (insieme a Mehdi, anche Josephine Von Bluetenstaub) accompagnati dal violoncello di Aude Walker-Viry, dal clavicembalo dello stesso F.E. Comte e dalla beatbox di Tiko.</p>
</div></div>



<div class="wp-block-media-text has-media-on-the-right is-stacked-on-mobile is-image-fill" style="grid-template-columns:auto 40%"><div class="wp-block-media-text__content">
<h2 class="wp-block-heading has-text-align-right" style="margin-top:0;margin-bottom:0"><strong>Processo a Giancarlo Puecher</strong></h2>



<p class="has-text-align-right has-medium-font-size">Per mettere in scena un processo farsa, serve&#8230; una farsa!<br>Giancarlo Puecher, prima medaglia d&#8217;oro della resistenza italiana, venne fucilato a Erba, durante la notte che precedette quel tragico evento, ogni possibile stramberia giudiziaria ebbe luogo.<br>Tramite un quiz assurdo che prova ad alleggerire la gravità di una situazione al di là del comprensibile e dell&#8217;immaginabile, il pubblico può sentire e comprendere appieno quanto vicine, stupide e gravi possano essere la noncuranza e avversione per una giovane vita.<br>Grazie alla sezione di Monguzzo dell&#8217;ANPI</p>
</div><figure class="wp-block-media-text__media" style="background-image:url(https://savohead.com/home/wp-content/uploads/2024/02/Giancarlo-Puecher-778x1024.jpg);background-position:57% 24%"><img loading="lazy" decoding="async" width="778" height="1024" src="https://savohead.com/home/wp-content/uploads/2024/02/Giancarlo-Puecher-778x1024.jpg" alt="" class="wp-image-61 size-full" srcset="https://savohead.com/home/wp-content/uploads/2024/02/Giancarlo-Puecher-778x1024.jpg 778w, https://savohead.com/home/wp-content/uploads/2024/02/Giancarlo-Puecher-228x300.jpg 228w, https://savohead.com/home/wp-content/uploads/2024/02/Giancarlo-Puecher-768x1011.jpg 768w, https://savohead.com/home/wp-content/uploads/2024/02/Giancarlo-Puecher-1167x1536.jpg 1167w, https://savohead.com/home/wp-content/uploads/2024/02/Giancarlo-Puecher.jpg 1541w" sizes="auto, (max-width: 778px) 100vw, 778px" /></figure></div>



<div class="wp-block-media-text is-stacked-on-mobile is-image-fill" style="grid-template-columns:40% auto"><figure class="wp-block-media-text__media" style="background-image:url(https://savohead.com/home/wp-content/uploads/2024/03/SH_scarpe_rosse-640x350.jpg.webp);background-position:50% 50%"><img loading="lazy" decoding="async" width="640" height="350" src="https://savohead.com/home/wp-content/uploads/2024/03/SH_scarpe_rosse-640x350.jpg.webp" alt="" class="wp-image-128 size-full" srcset="https://savohead.com/home/wp-content/uploads/2024/03/SH_scarpe_rosse-640x350.jpg.webp 640w, https://savohead.com/home/wp-content/uploads/2024/03/SH_scarpe_rosse-640x350.jpg-300x164.webp 300w" sizes="auto, (max-width: 640px) 100vw, 640px" /></figure><div class="wp-block-media-text__content">
<h2 class="wp-block-heading" style="margin-top:0;margin-bottom:0"><strong>Non vedi che sono te?</strong></h2>



<p class="has-medium-font-size">Partendo dal Big Bang, passando per altri cenni di fisica, chimica e scienze sociali, il monologo regala immagini apparentemente non connesse tra loro, ma che hanno tutte a che fare con educazione e violenza contro le donne.<br>Nella versione per un pubblico adulto, lo spettacolo comprende statistiche e notizie di attualità; nella versione per ragazzi, la narrazione è intervallata da cenni all’attualità e al mondo dei giovani, per aiutarli a relazionarsi e fare i collegamenti.<br>Grazie a un testo forte scritto da una vittima di violenza, infine, tutti i fili tirati durante lo svolgimento, convergono sul tema trattato.</p>
</div></div>

<p>Via! Viaggio (in ogni senso e dimensione) in cui il protagonista cerca un dialogo con una passeggera invisibile, accanto a lui in auto, per poi ripiegare su pensieri in forma poetica, che si svolgono altrove, nella sua mente. In una continua ricerca di instaurare un rapporto di complicità con il pubblico, l&#8217;autista tocca vari aspetti [&hellip;]</p>
